z(-6).
108
Let g(j) = j**3 + 48*j**2 - 26*j - 2. What is g(-48)?
1246
Let p(z) = -6*z**2 + 90*z - 24. What is p(15)?
-24
Let o(k) = 18*k**2 - 191*k + 5. Give o(0).
5
Let h(r) = 2*r**2 + 263*r + 1618. What is h(-125)?
-7
Let q(v) = -v**3 + 9*v**2 + 24*v - 18. Calculate q(11).
4
Let d(j) = -591*j - 14766. Determine d(-25).
9
Let n(b) = b**3 - 237*b**2 + 697*b + 6. What is n(3)?
-9
Let z(a) = -3*a**3 - 30*a**2 + a + 11. Calculate z(-10).
1
Let l(c) = 2*c**3 - 13*c**2 + 3*c - 95. What is l(7)?
-25
Let s(c) = 6*c**2 - 488*c + 166. What is s(81)?
4
Let j(u) = -5*u**3 + 324*u**2 - 256*u + 9. What is j(64)?
9
Let o(s) = 1396*s + 4149. Calculate o(-3).
-39
Let w(g) = -67*g**2 - 9*g - 10. Give w(1).
-86
Let c(w) = w**3 + 21*w**2 + 3. Calculate c(-21).
3
Let f(m) = -4*m**3 - m**2 - 4*m - 6. Determine f(0).
-6
Let r(d) = d**2 - 165*d - 3309. Determine r(-18).
-15
Let o(k) = k**2 + 28*k - 178. Give o(-31).
-85
Let x(y) = 7*y - 49. Give x(3).
-28
Let w(f) = 5675*f - 22697. Give w(4).
3
Let p(m) = 26*m - 384. Give p(28).
344
Let n(d) = -2*d**2 - 47*d + 39. Give n(-21).
144
Let o(n) = 27*n**3 - 2*n**2 + 101*n - 100. What is o(1)?
26
Let g(q) = q**3 - 11*q**2 - 844*q + 3464. Give g(4).
-24
Let q(k) = 2*k**2 + 30*k + 52. Calculate q(-2).
0
Let z(y) = -4*y**2 + 9*y - 3. Determine z(3).
-12
Let o(y) = -128*y**2 - 393*y - 14. Determine o(-3).
13
Let g(t) = -11*t**3 + 2*t**2 - 15*t + 14. What is g(1)?
-10
Let x(r) = 4*r**2 + 66*r - 212. Calculate x(3).
22
Let t(v) = v**3 + 55*v**2 + 57*v + 169. What is t(-54)?
7
Let d(f) = f**3 + 10*f**2 - 25*f + 56. Determine d(-12).
68
Let t(z) = z**2 + 2*z + 108. Determine t(0).
108
Let i(o) = -2*o**3 + 129*o**2 - 66*o + 74. Determine i(64).
-54
Let z(p) = -p**2 + 21*p - 29. Determine z(17).
39
Let y(r) = -12*r - 447. What is y(-31)?
-75
Let a(o) = o + 224. What is a(30)?
254
Let r(a) = a + 6. Give r(0).
6
Let k(q) = 26*q + 653. Calculate k(-27).
-49
Let s(b) = -2*b**3 + 5*b**2 + 63*b - 276. What is s(4)?
-72
Let o(j) = -j**3 - 13*j**2 - 129*j - 496. What is o(-4)?
-124
Let m(s) = -183*s - 1279. What is m(-7)?
2
Let k(m) = -17*m + 43. Calculate k(1).
26
Let i(o) = -2*o**3 + 47*o**2 - 23*o - 3. Calculate i(23).
-3
Let f(q) = 11*q + 19. Give f(-14).
-135
Let w(i) = 34*i**2 - 24*i + 3. Determine w(-2).
187
Let x(j) = -4*j**3 + j**2 - 16*j + 24. Calculate x(2).
-36
Let o(x) = -x**3 + 42*x**2 - 3*x + 2039. What is o(43)?
61
Let u(i) = -25*i - 3597. Give u(-144).
3
Let z(o) = o**2 - 9*o - 6. Determine z(-9).
156
Let f(u) = -u**3 - 6*u**2 + u - 62. What is f(-6)?
-68
Let c(w) = w**2 - 9*w - 901. What is c(35)?
9
Let n(k) = 2*k**3 - 3*k**2 + 8. What is n(3)?
35
Let y(d) = -512*d + 1020. Determine y(2).
-4
Let d(i) = 9*i**2 + 21*i - 56. Give d(-5).
64
Let t(l) = l**2 + 23*l - 234. Give t(-30).
-24
Let f(j) = 27*j**2 + 137*j + 2. What is f(-5)?
-8
Let a(f) = -5*f**3 + 6*f**2 - 3*f - 3. Determine a(2).
-25
Let v(d) = 50*d - 821. Calculate v(16).
-21
Let b(h) = 157*h - 4708. Calculate b(29).
-155
Let h(t) = -t**2 - 85*t + 793. Calculate h(-84).
877
Let d(c) = 2133*c - 14922. Calculate d(7).
9
Let d(r) = -38*r + 131. Determine d(2).
55
Let y(z) = 368*z + 2916. Calculate y(-8).
-28
Let l(s) = -34*s - 200. Calculate l(-6).
4
Let b(y) = -2*y**2 + 19*y + 993. Give b(-19).
-90
Let i(s) = 11*s**2 - 329*s - 41. Determine i(30).
-11
Let h(v) = -v**3 + 13*v**2 - 17*v - 173. Calculate h(9).
-2
Let h(n) = 2*n**2 + 291*n + 7853. Give h(-36).
-31
Let k(u) = -50*u + 567. What is k(12)?
-33
Let l(d) = d**3 + 3*d**2 - 9*d + 16. What is l(2)?
18
Let x(j) = j**3 - 4*j**2 - j - 62. Give x(6).
4
Let a(v) = 40*v + 3044. What is a(-76)?
4
Let p(o) = -o**3 + o**2 + 151*o - 755. Calculate p(8).
5
Let v(u) = 51*u + 1092. Give v(-22).
-30
Let i(j) = j**3 + 9*j**2 - 3*j - 83. Determine i(-7).
36
Let r(g) = 89*g - 185. Calculate r(11).
794
Let t(v) = -14*v - 44. Determine t(-3).
-2
Let q(z) = 2*z**2 + 43*z + 149. What is q(-18)?
23
Let c(y) = 5*y - 471. Determine c(114).
99
Let w(k) = -39*k + 51. Calculate w(-5).
246
Let k(t) = -3*t**3 - 50*t**2 + 196*t - 61. What is k(3)?
-4
Let h(a) = -a**2 - 2*a + 395. What is h(19)?
-4
Let u(a) = a**2 + 74*a + 64. What is u(0)?
64
Let x(q) = -5*q - 289. Calculate x(-15).
-214
Let p(q) = q**3 + 16*q**2 + 35*q - 41. What is p(-13)?
11
Let l(b) = -b**3 + 11*b**2 - 29*b - 5. Calculate l(3).
-20
Let y(u) = 7*u**2 - 47*u + 38. Calculate y(6).
8
Let t(v) = 2*v**3 - 7*v**2 - 57*v - 53. What is t(-1)?
-5
Let t(d) = 4*d**3 + 33*d**2 + 3*d - 27. Determine t(-8).
13
Let a(z) = -30*z + 619. Calculate a(22).
-41
Let x(j) = -127*j + 92. What is x(2)?
-162
Let u(w) = -4*w - 21. What is u(2)?
-29
Let d(u) = u**2 + 110*u + 530. Give d(-105).
5
Let t(l) = -58*l - 324. Determine t(7).
-730
Let w(z) = -19*z**2 - 2068*z + 347. Calculate w(-109).
20
Let s(i) = 37*i**2 + 1452*i + 352. Determine s(-39).
1
Let y(m) = -187*m + 667. What is y(4)?
-81
Let a(q) = 1639*q - 3277. What is a(2)?
1
Let r(j) = -22*j + 622. What is r(29)?
-16
Let t(l) = -93*l - 13382. Calculate t(-144).
10
Let z(h) = -h**3 + 7*h**2 + 124*h - 54. What is z(15)?
6
Let a(f) = 10*f**2 - 7*f + 7. Calculate a(0).
7
Let p(h) = h**2 + 41*h - 164. Calculate p(4).
16
Let y(r) = 2*r**3 + 78*r**2 + 3*r - 45. Give y(-39).
-162
Let v(c) = -c + 303. Determine v(40).
263
Let a(q) = -q**3 + 142*q**2 - 139*q - 281. Calculate a(141).
1
Let u(g) = g**3 - 31*g**2 + 61*g + 85. Calculate u(29).
172
Let y(p) = -6*p**2 + 191*p - 104. Give y(30).
226
Let g(q) = 2357*q - 2281. Calculate g(1).
76
Let y(j) = -3*j**2 - 327*j - 2172. Calculate y(-7).
-30
Let z(d) = -2*d + 112. Determine z(5).
102
Let t(z) = -13*z**2 + 6*z + 7. Calculate t(-3).
-128
Let j(u) = -93*u + 2230. Calculate j(24).
-2
Let t(j) = 210*j - 215. What is t(1)?
-5
Let i(g) = -82*g + 1933. What is i(24)?
-35
Let r(q) = 3*q**3 + 2*q**2 + 2*q + 296. Determine r(0).
296
Let x(u) = -u**2 - 619*u + 3770. Give x(6).
20
Let p(s) = -29*s**2 + 5*s - 15. Calculate p(2).
-121
Let w(t) = -3*t**3 - 16*t**2 + 9*t - 12. What is w(-6)?
6
Let p(x) = 46*x + 328. Calculate p(-8).
-40
Let x(b) = -b**3 - 79*b**2 + 104*b + 1925. Give x(-80).
5
Let z(t) = -103*t - 11967. Determine z(-116).
-19
Let t(i) = 3*i**3 + 2*i**2 - 23*i + 21. What is t(3)?
51
Let g(y) = 22*y - 186. Give g(10).
34
Let o(d) = -2*d**3 + 44*d**2 - 5*d + 24. Calculate o(22).
-86
Let z(f) = -2*f**3 - f**2 - 9*f - 2. Determine z(5).
-322
Let q(n) = -2*n**2 + 397*n + 9695. Give q(-22).
-7
Let q(y) = y**2 + 156*y - 477. Calculate q(3).
0
Let t(z) = 47*z**2 + 289*z + 266. What is t(-5)?
-4
Let q(n) = -n**3 + 199*n - 381. Calculate q(-15).
9
Let c(z) = -z**2 - 1865*z - 25907. Give c(-14).
7
Let a(y) = y**3 - 5*y**2 + 4*y - 17. Determine a(6).
43
Let z(p) = p**3 + 14*p**2 - 8*p - 99. What is z(-14)?
13
Let s(k) = -k**2 + 20*k - 200. What is s(10)?
-100
Let d(w) = w**2 + 472*w + 3247. Determine d(-7).
-8
Let c(q) = 105*q - 2944. Calculate c(28).
-4
Let b(j) = -8*j**3 - 113*j**2 + 60*j + 1031. Give b(-14).
-5
Let s(k) = k**2 - 10*k + 96. What is s(10)?
96
Let f(u) = 358*u - 1434. Calculate f(4).
-2
Let z(l) = -l**3 + 31*l**2 - 247*l + 155. Give z(17).
2
Let o(u) = -u**2 + 39*u + 395. Calculate o(42).
269
Let y(l) = 2*l**2 - 93*l - 377. What is y(50)?
-27
Let z(w) = -133*w**2 - 3*w - 1. Determine z(1).
-137
Let k(v) = -87*v - 526. Determine k(-6).
-4
Let l(c) = -68*c - 3209. Determine l(-47).
-13
Let z(n) = -4*n**2 - 8*n + 94. Determine z(5).
-46
Let d(k) = -3*k**2 - 34*k + 42. Give d(-16).
-182
Let o(k) = k**3 - 26*k**2 - 53*k - 73. What is o(28)?
11
Let v(t) = t**2 - 11*t - 415. Determine v(-16).
17
Let g(b) = -27*b + 164. Calculate g(5).
29
Let i(s) = -24*s + 334. Give i(21).
-170
Let a(t) = t**3 + 105*t**2 - 102*t + 458. What is a(-106)?
34
Let z(g) = 2*g**3 + 30*g**2 + 41*g + 13. Give z(-14).
-169
Let j(q) = -12*q - 182. Determine j(-13).
-26
Let i(p) = -p**3 - p**2 + 125*p + 505. Give i(-4).
53
Let x(o) = 40*o**2 + 3158*o - 118. Give x(-79).
40
Let o(v) = -v**2 + 8*v + 330. Calculate o(-17).
-95
Let n(h) = -63*h + 123. Calculate n(4).
-129
Let i(h) = h**2 + 11*h - 34. Determine i(-15).
26
Let h(s) = -2*s**3 - 132*s**2 - 259*s - 195. What is h(-64)?
-3
Let h(o) = -2*o**3 - 59*o**2 - 142*o - 5203. What is h(-30)?
-43
Let c(v) = v**3 - 58*v**2 - 49*v - 894. Determine c(59).
-304
Let q(j) = -j**2 - 74*j 